 - 3*z + 1. What is r(2)?
-1
Let g(t) = t**2 - 2*t - 10. What is g(-5)?
25
Let m(s) = 7*s + 234. Calculate m(-30).
24
Let r(h) = -h**3 - 3*h**2 + 2*h + 19. Determine r(0).
19
Let a(f) = -18*f - 143. Calculate a(-5).
-53
Let h(x) = -x**3 + 11*x**2 - 9*x - 9. What is h(10)?
1
Let n(j) = j**2 + 4*j - 17. What is n(-4)?
-17
Let d(w) = -2*w - 3. What is d(-9)?
15
Let w(r) = 3*r**3 + 3*r**2 - r + 1. Give w(-3).
-50
Let y(v) = -56*v + 448. Calculate y(8).
0
Let a(u) = u**2 + 19*u + 14. Give a(-18).
-4
Let s(q) = -q**3 - 11*q**2 - q - 11. Calculate s(-11).
0
Let p(u) = -u**2 - 11*u + 38. Calculate p(-15).
-22
Let l(z) = z**2 - 19*z + 83. Determine l(6).
5
Let g(d) = d - 1. Give g(9).
8
Let u(o) = -10*o - 88. Determine u(-11).
22
Let c(w) = -2*w**2 + 8*w + 3. Give c(6).
-21
Let o(w) = -w**3 + 7*w**2 - 2*w + 3. What is o(7)?
-11
Let i(j) = -2*j**2 + 37*j - 169. Calculate i(8).
-1
Let p(i) = -4*i**2 + 5*i + 1. What is p(-4)?
-83
Let o(r) = -24*r + 7. Determine o(2).
-41
Let i(y) = y**3 - 11*y**2 - 14*y + 150. Determine i(11).
-4
Let r(g) = g**2 + 10*g + 2. Give r(-7).
-19
Let s(o) = -o - 21. Calculate s(-21).
0
Let w(h) = 52*h**2 - h + 1. What is w(1)?
52
Let b(p) = -p + 26. Determine b(0).
26
Let v(n) = -n**3 + 7*n**2 - 8*n + 5. What is v(4)?
21
Let q(g) = g**3 - 14*g**2 - 2*g + 24. Determine q(14).
-4
Let z(k) = -k**3 + 94*k**2 + 86*k + 848. Determine z(95).
-7
Let c(u) = -u**2 + 8*u - 31. Calculate c(10).
-51
Let p(r) = -36*r - 209. What is p(-6)?
7
Let z(a) = -4*a - 5. Give z(-2).
3
Let f(n) = -n**2 + 83*n - 965. Determine f(14).
1
Let a(t) = -t**3 - 6*t**2 + 10*t - 11. Give a(-8).
37
Let i(z) = -z**2 + 10*z + 2. What is i(11)?
-9
Let z(b) = -3*b - 9. Give z(-7).
12
Let o(j) = 12*j + 55. Give o(-5).
-5
Let t(w) = 4*w - 22. Give t(7).
6
Let l(z) = z + 25. What is l(-27)?
-2
Let i(j) = -2*j + 6. Determine i(0).
6
Let y(h) = -2*h**2 + 8*h + 1. Determine y(5).
-9
Let i(n) = 2*n**3 + 16*n**2 - 18*n - 7. Determine i(-9).
-7
Let j(n) = 3*n**2 - 4*n + 6. Calculate j(2).
10
Let d(j) = 18*j + 3. Calculate d(-1).
-15
Let p(h) = -h**2 - 9*h. Give p(-8).
8
Let w(m) = 3*m + 3. Determine w(-9).
-24
Let k(f) = f**3 + 3*f**2 - 14*f + 17. What is k(-6)?
-7
Let n(c) = -9*c - 95. Calculate n(-11).
4
Let v(a) = a**2 + a - 72. Determine v(7).
-16
Let i(n) = 18*n + 170. Determine i(-10).
-10
Let y(s) = s + 11. Determine y(-4).
7
Let u(j) = 19*j - 109. Determine u(6).
5
Let r(p) = -p**3 + 6*p**2 + 2*p + 14. Determine r(7).
-21
Let o(f) = 2*f**2 + 6*f - 9. Give o(-6).
27
Let o(n) = n**3 + 48*n**2 + 50*n + 152. What is o(-47)?
11
Let o(q) = q**3 - 5*q**2 - 6*q + 10. Calculate o(6).
10
Let v(o) = 30*o - 2. Calculate v(2).
58
Let a(p) = p**3 - 35*p**2 - 75*p + 39. What is a(37)?
2
Let f(y) = -3*y + 7. What is f(-4)?
19
Let b(c) = -c**2 - 11*c - 1. What is b(-10)?
9
Let b(o) = o**3 - 20*o**2 + 37*o - 17. Calculate b(18).
1
Let s(x) = x**2 - 3*x + 7. Give s(6).
25
Let h(s) = -2*s**2 - 14*s - 25. Calculate h(-7).
-25
Let k(m) = m**3 - 6*m**2 + m + 7. Determine k(6).
13
Let x(b) = 3*b**2 - 16*b - 5. Give x(6).
7
Let g(w) = w**3 + 6*w**2 - 2*w - 8. Give g(-6).
4
Let i(w) = -3*w - 50. Determine i(-15).
-5
Let l(z) = -33*z + 2. Determine l(2).
-64
Let f(x) = -x**2 - 21*x + 71. What is f(-24)?
-1
Let l(g) = 3*g**2 + 33*g + 11. What is l(-11)?
11
Let z(i) = -i - 16. Determine z(-14).
-2
Let n(o) = 35*o - 30. What is n(-6)?
-240
Let t(s) = -2*s**2 - 4*s + 4. Calculate t(-2).
4
Let j(s) = s**3 - 4*s**2 - 104*s + 497. Determine j(5).
2
Let a(s) = -2*s**2 - 28*s - 10. What is a(-15)?
-40
Let x(w) = -8*w + 47. What is x(6)?
-1
Let x(v) = 7*v**2 - 10*v - 1. What is x(2)?
7
Let g(o) = -3*o + 101. What is g(34)?
-1
Let b(l) = 8*l**2 + l - 1. Determine b(2).
33
Let p(c) = c**3 + 19*c**2 - 2*c - 35. Calculate p(-19).
3
Let v(x) = -x**3 - 13*x**2 + 16*x - 4. Determine v(-14).
-32
Let z(q) = 3*q - 87. Calculate z(28).
-3
Let u(z) = 2*z. Calculate u(8).
16
Let f(v) = 5*v + 25. Calculate f(-5).
0
Let l(b) = 3*b**3 - b**2 + 4*b + 5. Calculate l(-1).
-3
Let i(h) = h**3 + 6*h**2 - 5*h + 15. Give i(-7).
1
Let o(c) = 3*c - 3. Determine o(-5).
-18
Let b(p) = -2*p**2 - 4*p + 3. What is b(1)?
-3
Let v(s) = 5*s - 1. Calculate v(1).
4
Let y(c) = -3*c**3 - 8*c**2 + 3*c - 1. What is y(-3)?
-1
Let p(c) = -c**2 + 13*c - 11. Give p(15).
-41
Let q(l) = l + 10. What is q(-7)?
3
Let t(h) = h + 14. Determine t(-12).
2
Let m(n) = -5*n**3 + n**2 - n - 1. Determine m(-1).
6
Let r(g) = -g**3 + 7*g**2 - 12*g - 3. Give r(6).
-39
Let w(c) = -4*c**3 - 3*c**2 - 2*c - 3. Determine w(-3).
84
Let d(c) = c**3 - 35*c**2 + 35*c - 25. Determine d(34).
9
Let n(p) = -p**2 - 34*p + 119. What is n(-37)?
8
Let o(c) = 2*c**2 + 21*c - 2. Determine o(5).
153
Let x(p) = -p**3 - p**2 - 2*p + 15. What is x(0)?
15
Let m(s) = 2*s**2 + 7. What is m(5)?
57
Let s(c) = -2*c**2 - 20*c + 17. What is s(-9)?
35
Let o(m) = 8*m + 5. What is o(-2)?
-11
Let x(l) = l**2 + 2*l - 1. Give x(-3).
2
Let k(j) = 16*j - 74. What is k(4)?
-10
Let t(n) = 5*n - 40. Calculate t(5).
-15
Let m(u) = 2*u**2 - 8*u + 15. Determine m(2).
7
Let x(i) = -15*i + 9. What is x(8)?
-111
Let x(s) = -s**3 + 6*s**2 - 2*s - 12. Give x(5).
3
Let j(p) = 2*p**2 - 19*p + 23. Calculate j(8).
-1
Let w(b) = b**3 - 5*b**2 - b + 14. Give w(6).
44
Let b(t) = -t**2 - 2*t + 9. What is b(0)?
9
Let o(z) = 10*z + 2. Calculate o(2).
22
Let h(y) = -y**3 - y**2 + y - 27. What is h(0)?
-27
Let y(w) = -3*w - 1. Calculate y(3).
-10
Let p(k) = k**2 - 6*k + 8. What is p(5)?
3
Let f(s) = 9*s - 306. Give f(34).
0
Let d(h) = 5*h**2 - 91*h + 20. What is d(18)?
2
Let c(f) = -6*f - 2. Give c(3).
-20
Let g(p) = -11*p - 73. Give g(-7).
4
Let m(x) = 2*x**2 + 6*x - 13. Determine m(-6).
23
Let y(k) = 4*k + 5. Calculate y(-2).
-3
Let i(c) = -15*c**3 + 2*c**2 + 9*c - 10. Give i(1).
-14
Let n(f) = 8*f + 1. What is n(-4)?
-31
Let v(p) = p**2 - p - 11. Determine v(-5).
19
Let k(q) = q**2 - 6*q - 4. Calculate k(7).
3
Let j(n) = -n**3 + 27*n**2 - 139*n - 11. Give j(20).
9
Let u(r) = r - 17. What is u(28)?
11
Let h(x) = -x**2 + 36*x + 31. What is h(37)?
-6
Let a(g) = -7*g**3 + 2*g**2 + g - 2. Give a(1).
-6
Let g(b) = 3*b - 36. What is g(16)?
12
Let r(b) = 7*b + 86. Determine r(-13).
-5
Let y(d) = d**2 + 9*d - 6. Determine y(-6).
-24
Let j(t) = -t**3 - t**2 + t - 7. Determine j(0).
-7
Let p(n) = 4*n**2 + 4*n + 8. What is p(-4)?
56
Let a(z) = z**2 - 36*z + 122. What is a(32)?
-6
Let n(z) = -2*z**2 - 59*z - 12. What is n(-29)?
17
Let r(q) = 3*q**2 + 18*q + 3. What is r(-6)?
3
Let k(i) = -i**3 - 4*i**2 + 5*i + 5. Give k(-4).
-15
Let v(c) = -c**2 + 10*c - 1. What is v(10)?
-1
Let r(h) = -h + 12. Calculate r(9).
3
Let v(b) = -b**2 + 17*b + 19. Calculate v(18).
1
Let t(i) = i**3 - 7*i**2 + 6*i. Calculate t(6).
0
Let d(c) = -c**2 - 10*c + 1. Determine d(-8).
17
Let v(q) = -4*q - 28. What is v(-16)?
36
Let u(r) = -r**2 + 6*r + 5. Calculate u(7).
-2
Let h(o) = 9*o + 31. What is h(6)?
85
Let c(v) = -v**3 - 5*v**2 + 2*v + 4. Give c(-5).
-6
Let c(a) = 8*a - 13. Determine c(1).
-5
Let b(y) = 21*y - 307. Calculate b(15).
8
Let d(l) = 19*l - 28. What is d(0)?
-28
Let o(d) = -3*d**2 + 3*d + 6. Calculate o(-2).
-12
Let i(x) = 21*x - 26. Determine i(3).
37
Let v(l) = l**2 - 4. Give v(-4).
12
Let v(m) = -m**2 - 19*m + 13. Give v(-19).
13
Let c(p) = 149*p + 165. Determine c(-1).
16
Let q(y) = -y**2 + 7*y + 20. What is q(9)?
2
Let c(a) = 19*a**2 - a - 1. Calculate c(-1).
19
Let v(r) = -r**3 - 9*r**2 - 10. Calculate v(-9).
-10
Let q(w) = -w**3 - 16*w**2 + 3*w + 53. Give q(-16).
5
Let g(b) = 11*b + 7. Determine g(0).
7
Let d(s) = s**3 - 6*s**2 - 2*s + 14. Give d(5).
-21
Let y(r) = -r**3 + 10*r**2 + 12*r - 4. Determine y(11).
7
Let b(c) = -5*c - 4. Calculate b(-2).
6
Let n(p) = 3*p - 42. Determine n(11).
-9
Let n(b) = -25*b**3 - 2*b**2 - 2*b - 1. Calculate n(-1).
24
Let u(s) = 3*s - 13. Give u(9).
14
Let i(t) = -2*t**2 + 19*t + 140. What is i(-6)?
-46
Let h(x) = x**2 - 6*x. What is h(1)?
-5
Let f(m) = -3*m**2 + 43*m + 33. What is f(15)?
3
Let b(l) = 3*l**2 + 22*l - 17. What is b(-9)?
28
Let u(n) = n**3 + 9*n**2 - 6*n - 2. Determine u(-10).
-42
Let d(i) = i**3 + 9*i**2 + 12*i + 6. Determine d(-8).
-26
Let w(f) = 76*f + 4. What is w(-2)?
-148
Let n(w) = -w**3 - 6*w**2 + 6*w - 7. What is n(-7)?
0
Let u(t) = t**3 - 2*t - 9. Calculate u(0).
-9
Let c(w) = 